git of p(d)?
1
Suppose 40*i + 70*i - 533390 = 0. What is the thousands digit of i?
4
Suppose 1297530 = 25*d + 105*d. What is the hundreds digit of d?
9
Suppose -2*c - c = -12. Suppose 3*n - 4*g - 5 = 0, -1 - 3 = -c*n + 4*g. Let i(s) = 51*s**2 - 3*s - 2. What is the tens digit of i(n)?
5
Let p = -5659 + 10802. What is the hundreds digit of p?
1
Suppose f - 911 - 290 = 5*s, s = -2*f + 2446. What is the thousands digit of f?
1
Suppose 5*x - 20 = 0, -x + 19014 = 5*c - 12320. What is the units digit of c?
6
Let y(z) = 1. Let x(b) = 5*b - 4. Let d(l) = x(l) - 6*y(l). Let c(q) = -20*q + 41. Let w(s) = -2*c(s) - 9*d(s). What is the units digit of w(-7)?
3
Let y = -258 - -296. Suppose 5568 = -32*t + y*t. What is the hundreds digit of t?
9
Let w be (-1 + 300/16)*4. Suppose -5*i = 0, -5*i - w = 4*v - 751. What is the tens digit of v?
7
Suppose 323*g - 326*g = 879. Let l = 804 + g. What is the units digit of l?
1
Suppose 150*a = 146*a + 16. What is the hundreds digit of 356*21/14 + (-24)/a?
5
Suppose 14 = -5*i + 39. Let m be i + 2/((-10)/(-5425)). Suppose 5*x - m = -0*x. What is the units digit of x?
8
Let n = 85 - -127. Suppose -4*d - 4*k - 328 = 0, 162 = -5*d + 4*k - n. Let b = d + 104. What is the units digit of b?
6
Suppose -4943 = -2*b + u - 1424, 0 = 5*u + 25. Let p = 11 + b. What is the hundreds digit of p?
7
Let j(o) = -o**3 + 25*o**2 + 57*o - 35. What is the tens digit of j(23)?
3
Suppose -4*s - 4 = -k, s - 8 = k - 0*k. Let r(t) = -3*t - 51. Let y be r(k). What is the units digit of (y/(-10)*-4)/(3/(-38))?
6
Let z(s) be the first derivative of -s**4/24 + 43*s**3/6 - 29*s**2/2 - 24. Let r(a) be the second derivative of z(a). What is the units digit of r(23)?
0
What is the thousands digit of ((-13644)/(-30))/((-6)/(-760))?
7
Let j = 53879 + -36648. What is the ten thousands digit of j?
1
Let u = -106 - -116. What is the units digit of ((-16)/u*-1)/((-30)/(-7500))?
0
Suppose -2*z = z + j - 17, -j = -2. Let b be (-123 - -1)*z/(-10). Suppose 59*n + 310 = b*n. What is the units digit of n?
5
Let o be (-3)/4*(7 - 11). Let y = o - 0. What is the units digit of (-2)/3 + (-1 - (-302)/y)?
9
Suppose 5*k - 150 = 5*w, 3*k - 4*w + 5*w - 78 = 0. What is the tens digit of (k/6 + -4)/(7/3024)?
1
Suppose 331769 = 64*r + 25081. What is the units digit of r?
2
Let g = -43301 - -109794. What is the thousands digit of g?
6
Let h(m) = -24*m - 5. Let q be h(11). Let b = q - -66. Let c = b + 386. What is the hundreds digit of c?
1
Let x = -31 + 130. Suppose -5*a = 2*m - m + x, a = -3*m - 241. Let q = m - -141. What is the units digit of q?
2
Let l(t) = t**3 - 10*t**2 + 10*t + 12. Let s be l(9). Let c be (s + -19)/((-2)/4) - -235. Suppose c = 21*d - 20*d. What is the units digit of d?
1
What is the thousands digit of (-9)/63*2354*-77?
5
Let i be ((-155)/(9 - 4))/(-7) - (-4)/7. Suppose -3*z + 187 = -221. Suppose -i*l + 734 = -z. What is the hundreds digit of l?
1
Let k(c) = 2997*c**2 + 33*c - 41. What is the units digit of k(4)?
3
Suppose -7822 = 8*y - 766. Let m = 1828 + y. What is the tens digit of m?
4
Let u be (-6)/(-8)*3*32. Suppose -l = 3*l - u. Suppose -l*k + 13*k + 370 = 0. What is the units digit of k?
4
What is the ten thousands digit of 437269023/5268 - (-38)/(-8)?
8
Suppose -2*c - 319 = g, 0 = -c + 3*g + 2*g - 187. Let l be 5415/19 + (1 - -5). Let q = c + l. What is the tens digit of q?
2
Let a(d) = -5214*d + 497. What is the tens digit of a(-6)?
8
Let u be (2/4 + 1)/(3/(-16)). What is the tens digit of (302/(-8))/(1/u)?
0
Suppose 31*h = 142*h + 59*h - 3351380. What is the tens digit of h?
1
Let h(b) = -13*b - 6. Let w = -25 + 12. Let r be h(w). Suppose -4*y + 85 + r = 0. What is the units digit of y?
2
Let w(g) = 101*g - 241. Suppose 2*x - 4*y - 20 = 0, 2*x - 29 + 17 = -4*y. What is the tens digit of w(x)?
6
Let a(k) = 5*k**2 - 35*k + 17. Suppose 4*z + 4*b - 44 = 0, 7*z - 4*z + 2*b = 31. What is the units digit of a(z)?
7
Let s(o) = o**3 + 7*o**2 - 4*o - 5. Let b be s(6). Let w(g) = 60*g - 139. Let m be w(6). Suppose m + b = 5*i. What is the hundreds digit of i?
1
What is the tens digit of (-17 - -8)*(-56)/(-126) - -61*220?
1
Let b(j) = 3*j**3 - 100*j**2 - 62*j + 12. What is the thousands digit of b(43)?
0
What is the thousands digit of 208/(-1)*5203/(-86)?
2
Suppose 0 = -3390*m + 3414*m - 147960. What is the units digit of m?
5
Suppose 54*k - 710539 - 34931 = 0. What is the ten thousands digit of k?
1
Let i(p) = -p**3 + 12*p**2 + 66*p - 25. Let o be i(16). Suppose -4*t - 3*j = -1979, -o = -j - 2. What is the units digit of t?
1
Let h = 221 - 142. Suppose 4*n + h = 3*s - 85, -168 = -3*s + 3*n. What is the tens digit of s?
6
Let h(j) = 2558*j + 17. Let p be h(1). Let r = -477 + p. What is the thousands digit of r?
2
Let r(q) = q - 10. Let c be r(-10). Let m be (-40)/(-2)*c/(-50). Let s(f) = -f**2 + 24*f + 21. What is the units digit of s(m)?
9
Let q(v) = v**3 + v**2 + 3*v - 1. Let x be q(2). Let t be x/51*((-27)/1)/(-1). What is the tens digit of 3*(-3 - (-159)/t)?
4
Suppose -3*o - 3*o + 12 = 0. Suppose 0 = g - o*s - 8, -3*g - 20 = -0*g + 5*s. What is the units digit of 1*-51*-1 - g/1?
1
Suppose 11*t - 16*t = -4*d + 296, -4*d + 3*t = -296. Let m = d - -223. What is the hundreds digit of m?
2
Suppose 0 = -9*k + 69447 - 19497. What is the hundreds digit of k?
5
Let r(x) = -14*x - 49. Let b be r(-15). Let n = b + -100. What is the units digit of n?
1
Suppose 318 = 3*h - 3*r, -2*r + 0*r - 107 = -h. Let g(j) = -7*j**2 - 4*j - 4. Let a be g(3). Let y = h + a. What is the tens digit of y?
2
What is the units digit of 8/(-12)*(5904984/(-16))/17?
3
Let x(c) = 16*c**2 - 37*c - 479. What is the thousands digit of x(-26)?
1
Suppose -331*s + 4863 = -334*s. Let c = 2436 + s. What is the units digit of c?
5
Let r(i) = -i**3 + 19*i**2 + 23*i + 15. Let o = -10 + 30. Let w be r(o). What is the hundreds digit of w/(-20) - -3 - 1127/(-4)?
2
Let j(u) = -3807*u - 13623. What is the tens digit of j(-15)?
8
Let d be 42/(-2) - (0 + -1). Let s = d - -128. What is the units digit of s?
8
Let w(p) be the first derivative of 7*p**5/24 + p**4/6 - 10*p**3/3 + 24. Let i(y) be the third derivative of w(y). What is the tens digit of i(4)?
4
Let r(c) = -1511*c - 65. Let s be r(-4). Suppose -2*f - 4*o = f - s, 4*o + 12 = 0. What is the hundreds digit of f?
9
Suppose -2*z + 4 = 0, 0 = -3*l - 29*z + 24*z + 201709. What is the ten thousands digit of l?
6
Let c(v) = -4*v**3 - 78*v**2 - 1736*v - 43. What is the thousands digit of c(-22)?
2
Let u(q) = q**3 + 7*q**2 + 2*q + 18. Let l be u(-7). Suppose -l*t + 16*t = 4332. What is the hundreds digit of t?
3
Suppose 0 = -27*x + 22194 + 9504. Suppose 0 = 2*k - 364 - x. What is the units digit of k?
9
Suppose 4*y = w - 2410, -5*w + 7*y = 2*y - 11975. What is the tens digit of w?
9
Let g = -53 - -31. Let f = -1718 + 1640. Let c = g - f. What is the units digit of c?
6
Suppose -2*l - 2 = t, 10*t - 8*t + 6 = -2*l. Let q(p) = p**3 - p**2 - 3*p - 2. Let c be q(-2). What is the units digit of l/2 + 3 + (-1644)/c?
9
Let m be (-1)/((-3)/16*4/(-3)). Let n be (m/6)/(42/(-189)). Suppose -k - n*k = -1176. What is the hundreds digit of k?
2
Suppose 940 = 12*g - 8*g. Let q = g - 146. What is the units digit of q?
9
Let k(z) = 20*z**3 - 20*z**2 + 117*z - 26. What is the hundreds digit of k(6)?
2
Let z = 9944 - 7271. What is the thousands digit of z?
2
Suppose -12*k = -9*k + 15. Suppose -2*f + 3 = f. What is the units digit of (f + k/4)*-244?
1
Let x be (108/(-15))/(4/(-130)). Let f = 594 - 588. Suppose f*t - x + 18 = 0. What is the units digit of t?
6
Suppose 5*f - 3*v = -52, 4*f = -5*v + 3*v - 46. Let b(s) = s + 11. Let c be b(f). What is the units digit of 70/(c - -1) - 2?
8
Suppose 9*a + 8*a = 238. Suppose -1162 = -a*n - 196. What is the units digit of n?
9
Suppose -1612 = -4*q - 4*k, -2*k + 3*k + 1193 = 3*q. Suppose -u = 2*i - 223, -3*i + q = 2*u - 49. Let l = u + -79. What is the hundreds digit of l?
1
What is the units digit of 1813/(-2)*(46 + -50)?
6
What is the hundreds digit of -16 + (-14)/63*-18 + 404?
3
Suppose 0 = 5*d - 4*c - 34225, 34265 = 5*d + 478*c - 474*c. What is the units digit of d?
9
Let x be (-17)/51 - 5572/6. Let t = 1581 + x. What is the hundreds digit of t?
6
Suppose 5*k - 1254 = -3*n, k + 0*k = n - 418. Suppose 7*r - n = 23. What is the tens d